{"id":2158,"date":"2022-11-10T14:27:27","date_gmt":"2022-11-10T14:27:27","guid":{"rendered":"https:\/\/mcclean.com.co\/?page_id=2158"},"modified":"2022-11-12T14:35:28","modified_gmt":"2022-11-12T14:35:28","slug":"limpiador-multiusos-lavanda","status":"publish","type":"page","link":"https:\/\/mcclean.com.co\/index.php\/limpiador-multiusos-lavanda\/","title":{"rendered":"Limpiador multiusos lavanda"},"content":{"rendered":"\n<div class=\"wp-block-uagb-container uagb-block-5125b070 alignfull uagb-is-root-container\"><div class=\"uagb-container-inner-blocks-wrap\">\n<div class=\"wp-block-columns is-layout-flex wp-container-core-columns-is-layout-28f84493 wp-block-columns-is-layout-flex\">\n<div class=\"wp-block-column is-layout-flow wp-block-column-is-layout-flow\">\n<div class=\"wp-block-uagb-container uagb-block-415948c1\"><\/div>\n\n\n\n<div class=\"wp-block-uagb-container uagb-block-f5c7507c\">\n<figure class=\"wp-block-image size-full is-resized\"><img fetchpriority=\"high\" decoding=\"async\" src=\"https:\/\/mcclean.com.co\/wp-content\/uploads\/2022\/11\/MULTIUSOS-LAVANDA-PEQUENO-.png\" alt=\"\" class=\"wp-image-1874\" width=\"766\" height=\"766\" srcset=\"https:\/\/mcclean.com.co\/wp-content\/uploads\/2022\/11\/MULTIUSOS-LAVANDA-PEQUENO-.png 400w, https:\/\/mcclean.com.co\/wp-content\/uploads\/2022\/11\/MULTIUSOS-LAVANDA-PEQUENO--300x300.png 300w, https:\/\/mcclean.com.co\/wp-content\/uploads\/2022\/11\/MULTIUSOS-LAVANDA-PEQUENO--150x150.png 150w\" sizes=\"(max-width: 766px) 100vw, 766px\" \/><\/figure>\n<\/div>\n<\/div>\n\n\n\n<div class=\"wp-block-column is-layout-flow wp-block-column-is-layout-flow\" style=\"padding-top:var(--wp--preset--spacing--80);padding-right:var(--wp--preset--spacing--80);padding-bottom:var(--wp--preset--spacing--80);padding-left:var(--wp--preset--spacing--80)\">\n<div class=\"wp-block-uagb-container uagb-block-e0e6d97e\"><\/div>\n\n\n\n<div class=\"wp-block-uagb-container uagb-block-bafa0495\"><\/div>\n\n\n\n<h2 class=\"has-text-color wp-block-heading\" style=\"color:#00156a\">Limpiado multiusos lavanda<\/h2>\n\n\n\n<p><strong>Limpiador con poder antibacterial y fragancia con tecnolog\u00eda de neutralizaci\u00f3n de malos olores. Gracias a que contiene amonio cuaternario de quinta generaci\u00f3n que elimina el 99,9% de las bacterias. Testeado en E. Coli, P. Aeruginosa y S. Aureus.<\/strong><\/p>\n\n\n\n<div class=\"wp-block-buttons is-layout-flex wp-block-buttons-is-layout-flex\">\n<div class=\"wp-block-button\"><a class=\"wp-block-button__link wp-element-button\" href=\"https:\/\/mcclean.com.co\/index.php\/marca-luvone-2\/\">Atr\u00e1s<\/a><\/div>\n<\/div>\n<\/div>\n<\/div>\n<\/div><\/div>\n","protected":false},"excerpt":{"rendered":"<p>Limpiado multiusos lavanda Limpiador con poder antibacterial y fragancia con tecnolog\u00eda de neutralizaci\u00f3n de malos olores. Gracias a que contiene amonio cuaternario de quinta generaci\u00f3n que elimina el 99,9% de las bacterias. Testeado en E. Coli, P. Aeruginosa y S. Aureus.<\/p>\n","protected":false},"author":1,"featured_media":0,"parent":0,"menu_order":0,"comment_status":"closed","ping_status":"closed","template":"elementor_header_footer","meta":{"_uag_custom_page_level_css":"","site-sidebar-layout":"default","site-content-layout":"default","ast-global-header-display":"","ast-main-header-display":"","ast-hfb-above-header-display":"","ast-hfb-below-header-display":"","ast-hfb-mobile-header-display":"","site-post-title":"","ast-breadcrumbs-content":"","ast-featured-img":"","footer-sml-layout":"","theme-transparent-header-meta":"","adv-header-id-meta":"","stick-header-meta":"","header-above-stick-meta":"","header-main-stick-meta":"","header-below-stick-meta":"","footnotes":""},"class_list":["post-2158","page","type-page","status-publish","hentry"],"uagb_featured_image_src":{"full":false,"thumbnail":false,"medium":false,"medium_large":false,"large":false,"1536x1536":false,"2048x2048":false},"uagb_author_info":{"display_name":"admin","author_link":"https:\/\/mcclean.com.co\/index.php\/author\/admin\/"},"uagb_comment_info":0,"uagb_excerpt":"Limpiado multiusos lavanda Limpiador con poder antibacterial y fragancia con tecnolog\u00eda de neutralizaci\u00f3n de malos olores. Gracias a que contiene amonio cuaternario de quinta generaci\u00f3n que elimina el 99,9% de las bacterias. Testeado en E. Coli, P. Aeruginosa y S. Aureus.","_links":{"self":[{"href":"https:\/\/mcclean.com.co\/index.php\/wp-json\/wp\/v2\/pages\/2158","targetHints":{"allow":["GET"]}}],"collection":[{"href":"https:\/\/mcclean.com.co\/index.php\/wp-json\/wp\/v2\/pages"}],"about":[{"href":"https:\/\/mcclean.com.co\/index.php\/wp-json\/wp\/v2\/types\/page"}],"author":[{"embeddable":true,"href":"https:\/\/mcclean.com.co\/index.php\/wp-json\/wp\/v2\/users\/1"}],"replies":[{"embeddable":true,"href":"https:\/\/mcclean.com.co\/index.php\/wp-json\/wp\/v2\/comments?post=2158"}],"version-history":[{"count":14,"href":"https:\/\/mcclean.com.co\/index.php\/wp-json\/wp\/v2\/pages\/2158\/revisions"}],"predecessor-version":[{"id":2452,"href":"https:\/\/mcclean.com.co\/index.php\/wp-json\/wp\/v2\/pages\/2158\/revisions\/2452"}],"wp:attachment":[{"href":"https:\/\/mcclean.com.co\/index.php\/wp-json\/wp\/v2\/media?parent=2158"}],"curies":[{"name":"wp","href":"https:\/\/api.w.org\/{rel}","templated":true}]}}