{"id":2217,"date":"2022-11-10T17:10:32","date_gmt":"2022-11-10T17:10:32","guid":{"rendered":"https:\/\/mcclean.com.co\/?page_id=2217"},"modified":"2022-11-11T03:50:15","modified_gmt":"2022-11-11T03:50:15","slug":"jabon-frutos-rojos","status":"publish","type":"page","link":"https:\/\/mcclean.com.co\/index.php\/jabon-frutos-rojos\/","title":{"rendered":"Jab\u00f3n frutos rojos"},"content":{"rendered":"\n<div class=\"wp-block-uagb-container uagb-block-e5a5a84f alignfull uagb-is-root-container\"><div class=\"uagb-container-inner-blocks-wrap\">\n<div class=\"wp-block-columns is-layout-flex wp-container-core-columns-is-layout-28f84493 wp-block-columns-is-layout-flex\">\n<div class=\"wp-block-column is-layout-flow wp-block-column-is-layout-flow\">\n<div class=\"wp-block-uagb-container uagb-block-6076d7aa\">\n<figure class=\"wp-block-image size-full is-resized\"><img fetchpriority=\"high\" decoding=\"async\" src=\"https:\/\/mcclean.com.co\/wp-content\/uploads\/2022\/11\/jabon-1.png\" alt=\"\" class=\"wp-image-1878\" width=\"910\" height=\"910\" srcset=\"https:\/\/mcclean.com.co\/wp-content\/uploads\/2022\/11\/jabon-1.png 400w, https:\/\/mcclean.com.co\/wp-content\/uploads\/2022\/11\/jabon-1-300x300.png 300w, https:\/\/mcclean.com.co\/wp-content\/uploads\/2022\/11\/jabon-1-150x150.png 150w\" sizes=\"(max-width: 910px) 100vw, 910px\" \/><\/figure>\n<\/div>\n<\/div>\n\n\n\n<div class=\"wp-block-column is-layout-flow wp-block-column-is-layout-flow\" style=\"padding-top:var(--wp--preset--spacing--80);padding-right:var(--wp--preset--spacing--80);padding-bottom:var(--wp--preset--spacing--80);padding-left:var(--wp--preset--spacing--80)\">\n<div class=\"wp-block-uagb-container uagb-block-645386b9\"><\/div>\n\n\n\n<div class=\"wp-block-uagb-container uagb-block-3cd48fbf\"><\/div>\n\n\n\n<h2 class=\"has-text-color has-large-font-size wp-block-heading\" style=\"color:#00156a\">Jab\u00f3n l\u00edquido para manos antibacterial frutos rojos <\/h2>\n\n\n\n<p><strong>Jab\u00f3n de uso diario que limpia y humecta las manos. Elimina y protege efectivamente contra bacterias. Testeado en E. Coli, P. Aeruginosa y S. Aureus.<\/strong><\/p>\n\n\n\n<div class=\"wp-block-buttons is-layout-flex wp-block-buttons-is-layout-flex\">\n<div class=\"wp-block-button\"><a class=\"wp-block-button__link wp-element-button\" href=\"https:\/\/mcclean.com.co\/index.php\/marca-luvone-2\/\">Atr\u00e1s <\/a><\/div>\n<\/div>\n<\/div>\n<\/div>\n<\/div><\/div>\n","protected":false},"excerpt":{"rendered":"<p>Jab\u00f3n l\u00edquido para manos antibacterial frutos rojos Jab\u00f3n de uso diario que limpia y humecta las manos. Elimina y protege efectivamente contra bacterias. Testeado en E. Coli, P. Aeruginosa y S. Aureus.<\/p>\n","protected":false},"author":1,"featured_media":0,"parent":0,"menu_order":0,"comment_status":"closed","ping_status":"closed","template":"elementor_header_footer","meta":{"_uag_custom_page_level_css":"","site-sidebar-layout":"default","site-content-layout":"default","ast-global-header-display":"","ast-main-header-display":"","ast-hfb-above-header-display":"","ast-hfb-below-header-display":"","ast-hfb-mobile-header-display":"","site-post-title":"","ast-breadcrumbs-content":"","ast-featured-img":"","footer-sml-layout":"","theme-transparent-header-meta":"","adv-header-id-meta":"","stick-header-meta":"","header-above-stick-meta":"","header-main-stick-meta":"","header-below-stick-meta":"","footnotes":""},"class_list":["post-2217","page","type-page","status-publish","hentry"],"uagb_featured_image_src":{"full":false,"thumbnail":false,"medium":false,"medium_large":false,"large":false,"1536x1536":false,"2048x2048":false},"uagb_author_info":{"display_name":"admin","author_link":"https:\/\/mcclean.com.co\/index.php\/author\/admin\/"},"uagb_comment_info":0,"uagb_excerpt":"Jab\u00f3n l\u00edquido para manos antibacterial frutos rojos Jab\u00f3n de uso diario que limpia y humecta las manos. Elimina y protege efectivamente contra bacterias. Testeado en E. Coli, P. Aeruginosa y S. Aureus.","_links":{"self":[{"href":"https:\/\/mcclean.com.co\/index.php\/wp-json\/wp\/v2\/pages\/2217","targetHints":{"allow":["GET"]}}],"collection":[{"href":"https:\/\/mcclean.com.co\/index.php\/wp-json\/wp\/v2\/pages"}],"about":[{"href":"https:\/\/mcclean.com.co\/index.php\/wp-json\/wp\/v2\/types\/page"}],"author":[{"embeddable":true,"href":"https:\/\/mcclean.com.co\/index.php\/wp-json\/wp\/v2\/users\/1"}],"replies":[{"embeddable":true,"href":"https:\/\/mcclean.com.co\/index.php\/wp-json\/wp\/v2\/comments?post=2217"}],"version-history":[{"count":9,"href":"https:\/\/mcclean.com.co\/index.php\/wp-json\/wp\/v2\/pages\/2217\/revisions"}],"predecessor-version":[{"id":2423,"href":"https:\/\/mcclean.com.co\/index.php\/wp-json\/wp\/v2\/pages\/2217\/revisions\/2423"}],"wp:attachment":[{"href":"https:\/\/mcclean.com.co\/index.php\/wp-json\/wp\/v2\/media?parent=2217"}],"curies":[{"name":"wp","href":"https:\/\/api.w.org\/{rel}","templated":true}]}}